e 5, what is 2144021 + 331?
2144402
In base 16, what is 1a5bbc4f + -5?
1a5bbc4a
In base 6, what is 353013 + 2143?
355200
In base 3, what is -212110222021 + -1200?
-212111000221
In base 3, what is -101102 - -10200011021?
10122202212
In base 14, what is -1a9db215 - -4?
-1a9db211
In base 8, what is 32733350 - 6?
32733342
In base 2, what is -111010111001011110011101 - 1010?
-111010111001011110100111
In base 4, what is 101121302120 + 220?
101121303000
In base 9, what is -56651655 - -3?
-56651652
In base 6, what is 241012243 - 5?
241012234
In base 12, what is -297262b3 - -1?
-297262b2
In base 14, what is -1c458 - 120?
-1c578
In base 12, what is 92323 + -16?
92309
In base 6, what is 2 - -11231144343?
11231144345
In base 11, what is 846 - 2a131?
-29396
In base 13, what is -5 - 382338?
-382340
In base 2, what is -100000101111001 + -11100000111001?
-111100110110010
In base 4, what is 102023030 - -201312?
102231002
In base 9, what is 1 + -61307682?
-61307681
In base 7, what is 254420 - 15632?
235455
In base 8, what is 55425351 - -44?
55425415
In base 12, what is 3a3 + 5599?
5980
In base 14, what is 134326d9 + 6?
13432701
In base 2, what is 101011100001011 - -1?
101011100001100
In base 16, what is -1 + 4f0b8c?
4f0b8b
In base 3, what is -1101220220 + -12102?
-1102010022
In base 5, what is 43322101034 - 2?
43322101032
In base 3, what is 201111100001222 - -2?
201111100002001
In base 4, what is -100222 - -1002110233?
1002010011
In base 2, what is -1111101100000 - 11010110111?
-10011000010111
In base 11, what is -4 - 213a51386?
-213a5138a
In base 8, what is 534577211 - 2?
534577207
In base 14, what is 11 - 2bc69d?
-2bc68c
In base 15, what is a559 + -379?
a1d0
In base 4, what is -2 + 1133312332?
1133312330
In base 15, what is 1d9d - -6ac4?
8972
In base 12, what is 5 - -60a97b30?
60a97b35
In base 7, what is -50 + -122546323?
-122546403
In base 9, what is 8085 + 8812?
18007
In base 6, what is -20545020 - 3?
-20545023
In base 6, what is -30 + 3514341?
3514311
In base 16, what is -1 + -4722e?
-4722f
In base 14, what is 20d04 - -8a?
20d90
In base 4, what is -30222 + 1302322?
1212100
In base 14, what is -789 + 32b?
-45c
In base 6, what is 34 + -240311?
-240233
In base 10, what is 1748768 + -2?
1748766
In base 12, what is -25763 - -204?
-2555b
In base 12, what is -802b58 + 7?
-802b51
In base 3, what is -100120 - -2112212011?
2112111121
In base 15, what is 11e + -94ca?
-93ab
In base 8, what is 0 + -1765240?
-1765240
In base 13, what is 6a769b - -138?
6a7806
In base 10, what is 41 - 173511?
-173470
In base 14, what is 5 - -b64541?
b64546
In base 13, what is 1 - -23c79067?
23c79068
In base 3, what is 10221221201212 - -222?
10221221202211
In base 4, what is -2111302 + 2021?
-2103221
In base 8, what is -3 + -745251?
-745254
In base 7, what is -232350 - 40?
-232420
In base 7, what is -101314056 + 22?
-101314034
In base 14, what is -a + 564b04?
564ad8
In base 5, what is 3122 - 202031241?
-202023114
In base 2, what is -110101001101 + 1110111100?
-100110010001
In base 14, what is 2a4d37 - cc?
2a4c49
In base 9, what is 37 - 1075061?
-1075023
In base 6, what is 1431025345 - 22?
1431025323
In base 9, what is 3 + -33588181?
-33588177
In base 5, what is 341 - -1323433010?
1323433401
In base 14, what is 12a93 - a33?
12060
In base 13, what is -a - -10380000?
1037ccc3
In base 2, what is -1001010000000111110 + 1110101010?
-1001001110010010100
In base 13, what is -271 + 41542?
412a1
In base 7, what is 5 - 10136314?
-10136306
In base 7, what is 0 - -24353025?
24353025
In base 9, what is 5357766 + 31?
5357807
In base 16, what is -5fff5 + -38?
-6002d
In base 8, what is -440 + -107711?
-110351
In base 14, what is 14b5 + -1404?
b1
In base 11, what is 133 - -a0a35?
a1068
In base 2, what is 11001111 + 11110011110101111100?
11110011111001001011
In base 5, what is 20044243310 + -4?
20044243301
In base 5, what is -330 + 31043322?
31042442
In base 13, what is -5c68c6a2 - -4?
-5c68c69b
In base 7, what is -3256021 + 101?
-3255620
In base 13, what is 2 - -15318524?
15318526
In base 14, what is 0 + -411b8db?
-411b8db
In base 8, what is -3 + -57171302?
-57171305
In base 6, what is 1120 + -1352530?
-1351410
In base 12, what is -43731 + -24a?
-4397b
In base 16, what is -35 - -25617?
255e2
In base 13, what is 5 + -4003858?
-4003853
In base 15, what is -9ad91 + -9e?
-9ae40
In base 4, what is -100 - -31311113323?
31311113223
In base 7, what is 1341132 + 11425?
1352560
In base 5, what is -12012 - -1110421?
1043404
In base 7, what is -355 + -305463?
-306151
In base 4, what is 31312301133102 + -3?
31312301133033
In base 3, what is -12102010121 + -20?
-12102010211
In base 9, what is 11868652 + 0?
11868652
In base 11, what is -3a0 - -1303?
a13
In base 2, what is -10100000000 + 1000111001011110011?
1000110110111110011
In base 9, what is 303614 - 6?
303607
In base 12, what is -3793796 + 4a?
-3793748
In base 6, what is -42 + 2240000?
2235514
In base 14, what is 4 + 4ab597?
4ab59b
In base 8, what is -450033143 + -1?
-450033144
In base 12, what is -284120 + 18?
-284104
In base 8, what is 62 - -3366601?
3366663
In base 10, what is -5032 + 79190?
74158
In base 5, what is -10024111 + -31201?
-10110312
In base 8, what is -52 + -32644?
-32716
In base 9, what is 4678553 - -211?
4678764
In base 5, what is 2433440232 - -3?
2433440240
In base 7, what is -64053 + 634?
-63116
In base 7, what is -356130415 + -10?
-356130425
In base 14, what is 5613cb + 12?
5613dd
In base 8, what is -103456 - 13373?
-117051
In base 15, what is c752 + -156?
c5eb
In base 7, what is 1111661503 + -3?
1111661500
In base 12, what is 72a8 - 3a3b?
3469
In base 16, what is 7b9e8 - a?
7b9de
In base 5, what is -30433 + 12023040?
11442102
In base 13, what is 1a42c - -73c1?
24820
In base 4, what is 1010232 - -221203?
1232101
In base 12, what is 1a8574781 - 2?
1a857477b
In base 3, what is -21011211012210 + -101?
-21011211020011
In base 10, what is 851 - -6975?
7826
In base 14, what is -249d15a1 - -2?
-249d159d
In base 2, what is -100111001110110101110 + 10000100?
-100111001110100101010
In base 13, what is -168844c + -21?
-1688470
In base 12, what is 2174 - -339a?
5552
In base 5, what is -340443031021 - 2?
-340443031023
In base 9, what is -5533685 - 431?
-5534226
In base 5, what is -4 + -10031102303?
-10031102312
In base 4, what is -1312221 - -211?
-1312010
In base 14, what is c04 - -41d2?
4dd6
In base 7, what is -362161 + 55345?
-303513
In base 2, what is -100000100001010011 + 11?
-100000100001010000
In base 8, what is -1433 - -346374?
344741
In base 15, what is -5 - ca1e?
-ca24
In base 16, what is -f4 + 27f57?
27e63
In base 14, what is -2137111 - -15?
-21370da
In base 8, what is -4303510606 + 2?
-4303510604
In base 8, what is 230 + -127321?
-127071
In base 10, what is 544 - -441106?
441650
In base 7, what is -5 + 21513654?
21513646
In base 6, what is 13 - -222114435?
222114452
In base 6, what is 2103243344 + 4?
2103243352
In base 12, what is 2008071 - 0?
2008071
In base 3, what is -11 + 1110121220220120?
1110121220220102
In base 9, what is 42738 - -11330?
54168
In base 6, what is 2142451003 + -11?
2142450552
In base 8, what is -525370 - 7264?
-534654
In base 8, what is -13426666 - -12?
-13426654
In base 15, what is -8 - 21a07?
-21a10
In base 5, what is 413041 + -23213?
334323
In base 16, what is -34b - -c3?
-288
In base 4, what is 13212000123323 - -23?
13212000130012
In base 13, what is 5154 + 4259?
93b0
In base 6, what is -10331440404 - -1?
-10331440403
In base 5, what is 4301211 + 4?
4301220
In base 16, what is -38634 + -f1?
-38725
In base 12, what is 15154 - -2980?
17b14
In base 12, what is 2 - 1893b36?
-1893b34
In base 10, what is 3090081 - -30?
3090111
In base 13, what is -5bb - -214?
-3a7
In base 14, what is 2c - -583098?
5830c6
In base 15, what is -21 - 28817?
-28838
In base 2, what is 1111111 - -10011000011010011010100?
10011000011010101010011
In base 3, what is 201100 - -22122022?
100100122
In base 16, what is -58 + 9b068?
9b010
In base 13, what is 61613 - -9b8?
622cb
In base 5, what is -2 - 22420320314?
-22420320321
In base 9, what is 4270 + 823?
5203
In base 14, what is 3 + -1cca956d?
-1cca956a
In base 7, what is -1342 - 5221?
-6563
In base 10, what is -15 - -95215?
95200
In base 4, what is -200 + -11133312?
-11200112
In base 12, what is 58 + 